ctors of 14/(3*b/3).
7
Suppose b = -5*b + 1692. List the prime factors of b.
2, 3, 47
Let i(r) = 0*r + r + 3*r**3 - 2*r**3 - 40. Let w be i(0). Let j = -26 - w. List the prime factors of j.
2, 7
Suppose -c + 10 = -3*s, 3*c + 0*s + 10 = -s. Let k = 40 - c. Suppose 2*g - 67 = -5*t, -2*t + 3*g + 0*g = -k. What are the prime factors of t?
3, 5
Suppose -2*d - d = 9, 0 = 5*m - 4*d - 67. Let k = 10 + m. List the prime factors of k.
3, 7
Let y(p) = p**2 - 11*p + 12. List the prime factors of y(10).
2
Let k = 340 + -226. What are the prime factors of k?
2, 3, 19
Let c = -99 - -139. What are the prime factors of c?
2, 5
Let l be (2/2)/((-3)/(-12)). Suppose 3*d + w = 3*w - 37, -l*w = d - 11. List the prime factors of (-168)/d + 2/(-3).
2, 3
Let h(x) = x**3 + 5*x**2 + 5*x + 7. What are the prime factors of h(-3)?
2, 5
Suppose -n + 4*b = 12, 5*n - 14 = 3*b + 11. List the prime factors of n/3*(-30)/(-8).
2, 5
Suppose -2*y + 184 = 2*y. List the prime factors of y.
2, 23
Suppose -c - 196 = -4*i - 3*c, 0 = 5*i - 5*c - 215. What are the prime factors of i?
47
Let t(c) be the second derivative of -c**5/20 - c**4/4 + c**3 - c**2 + 2*c. List the prime factors of t(-5).
2, 3
Let h(g) = 4*g**2 + 2*g - 2. Suppose k + 3*z - 24 = 6*k, -5*k = -5*z + 30. Let v be h(k). List the prime factors of (v/(-8))/(1/(-2)).
7
List the prime factors of 45 - (-4 + (-3 - -11)).
41
Let t be (-299)/(-5) + 4/20. Let u = -33 + t. What are the prime factors of u?
3
Suppose 12*j = 150 + 930. List the prime factors of j.
2, 3, 5
Let f = -11 - -20. List the prime factors of f.
3
Suppose 2*h - 43 = -7. Let v be 50/18 + 4/h. Suppose 10 = 2*c, -c + 59 = v*x + 21. What are the prime factors of x?
11
Let l(g) = g**3 - g**2 + 5. Let s be l(0). Let t(x) = x**2 - 4*x - 3. Let d be t(s). Suppose -3*f = -2*f - d. What are the prime factors of f?
2
Suppose 5*q - 53 = -2*m + m, m + 2*q = 41. What are the prime factors of m?
3, 11
Let r(h) = h**3 + 8*h**2 + 9*h + 5. Let k be r(-7). Let p be ((-8)/6)/4*k. Suppose -g = -2*n - 8 - 11, -5*g + p*n + 81 = 0. List the prime factors of g.
3, 5
Let i = 91 + -16. List the prime factors of i.
3, 5
Let z be (3/2)/(1/2). Suppose -3*p + 36 = 2*p - 3*y, -12 = -p + z*y. List the prime factors of p.
2, 3
Let j be 6/5*60/9. Suppose -g + j + 2 = 0. Let c(p) = 2*p - 14. What are the prime factors of c(g)?
2, 3
Let b(t) be the first derivative of t**5/120 - t**4/12 - t**3 + 1. Let p(d) be the third derivative of b(d). What are the prime factors of p(6)?
2
Let z = 92 + -80. What are the prime factors of z?
2, 3
Let a(u) = -u - 20 + 3*u + u**2 + 18. Suppose -7 = 4*d + 9. List the prime factors of a(d).
2, 3
What are the prime factors of (3/(-6)*-122)/1?
61
Let z(h) = -h**3 + 6*h**2 + 6. Let j be z(6). Suppose -2*i + j = 2. Suppose 0 = -i*a + 5*f + 25, a - f + 0*f = 8. List the prime factors of a.
5
Let z(a) = 2*a**2 - a - 2. Let h be z(2). Suppose 3*q - 54 = -3*x, 3*x + h*q = -0*x + 55. List the prime factors of x.
17
Let i(u) = -u**2 - 7*u + 4. Let w be i(-7). Suppose 4*d - 98 = -w*x + 2*d, 4*d = -3*x + 86. What are the prime factors of x?
2, 11
Let u be -4*(-2)/8*22. Suppose -5*f - 4*j + 21 = -u, 5*j = -4*f + 38. What are the prime factors of f?
7
Let p(m) = m - 2. Let a be p(6). List the prime factors of a/(-22) + (-1688)/(-88).
19
Let d = 4 + 15. What are the prime factors of d?
19
Let c be (-6)/4 + 2/4. List the prime factors of c + 0 - -3 - -12.
2, 7
Suppose -1 = -q - 3. What are the prime factors of (-1)/((5 + q)/(-12))?
2
Let o = 60 - -23. List the prime factors of o.
83
List the prime factors of 4 - (-1 - (-3 - -1)).
3
Let z = -3 - -2. List the prime factors of (z + -1 + 1)*-11.
11
Let b(m) = 2*m + 3. Let u(q) = q**2 - q - 1. Let t(j) = -b(j) + u(j). Suppose 4*k - 9 = 11. What are the prime factors of t(k)?
2, 3
Suppose 3*b + 22 = 10. What are the prime factors of (-36)/(-21)*(b - -11)?
2, 3
Let w(t) = t**2 - 9*t - 13. Let j be w(10). Let o = j + 5. What are the prime factors of o?
2
Let r(v) = 3*v**2 + v - 11. List the prime factors of r(6).
103
Let u(c) = -3*c - 7. Let s(r) = -5*r**2 + 2*r + 1. Let x be s(-1). List the prime factors of u(x).
11
Let p = 962 - 660. List the prime factors of p.
2, 151
Let u(r) = -r**2 - 9*r + 8. Suppose 0 = -2*k + k - 9. Let h be k + (0/1 - -1). List the prime factors of u(h).
2
Let k = -5 - -7. Suppose -k*z - 25 = -7*z. What are the prime factors of z?
5
Let w = -10 - -17. Suppose -13 - w = -2*k. List the prime factors of k.
2, 5
Suppose 2*v - 3*v = 5, o - 39 = -4*v. What are the prime factors of o?
59
Suppose -11 = -j - 7. Let w(g) be the first derivative of g**4/4 - 5*g**3/3 + 7*g**2/2 - 5*g - 1. What are the prime factors of w(j)?
7
Suppose 5*b + v = -149, 3*v = 2*v + 1. Let p = 46 + b. List the prime factors of p.
2
What are the prime factors of 228/3 + 8/4?
2, 3, 13
List the prime factors of (74*-1)/(6*(-3)/9).
37
Let c(b) = b**2 - 11*b - 17. Let l be (-1)/(-2) + 50/4. What are the prime factors of c(l)?
3
Suppose 3*s + 0*v = v + 27, -3*v = -3*s + 33. Suppose 4*r = 3*k + 52, 2*r + 5*k - s = 2*k. List the prime factors of r.
2, 5
Suppose -3*x - 24 = -3*t, -3*x - 14 = -0*x - t. Let b be (-1)/3 + (-1)/x. Suppose b = -4*g + 5*i + 21, 0*g + 2*g = 4*i + 12. List the prime factors of g.
2
Suppose -5*c = 4*p - 8, 0*p + 5*p = -3*c - 3. Suppose 2*j - 7 = 1. Suppose -c*r - 2*o = -18, 2*r - j*r = 4*o - 12. List the prime factors of r.
2
Suppose -7*o + 4*o + 63 = 0. What are the prime factors of o?
3, 7
What are the prime factors of (4 + 165/(-10))*-6?
3, 5
Suppose 0 = -6*v + 3*v + 273. What are the prime factors of v?
7, 13
Suppose 6*d = 156 + 342. What are the prime factors of d?
83
Let x(q) = 0*q + 10*q - q**2 + 0*q**2 - 9. Let u be x(9). Suppose 2*c + u = 8. What are the prime factors of c?
2
Suppose 15 = 5*l, 0 = 4*y + 3*l + 23 - 144. Suppose j = -3*j + y. What are the prime factors of j?
7
Let o(i) = -i**3 - 10*i**2 - 10*i - 4. Let d be o(-9). Suppose d*h = 2*h + 72. What are the prime factors of h?
2, 3
Let h be 1 - 4*9/6. Let w(l) = -l**2 - 7*l + 2. What are the prime factors of w(h)?
2, 3
List the prime factors of -7 - (-1 - 2) - -10.
2, 3
Suppose -3*j - x = 2*j - 228, -180 = -4*j - 2*x. What are the prime factors of j?
2, 23
Suppose 60 = s + 2*s. Suppose -4*h + 8*h - s = -4*t, -h - 5*t = -25. Suppose -5*f + 3*q + h*q = -37, 0 = f + 4*q + 11. List the prime factors of f.
5
Let b be 0/(0 + -1) + 5. Suppose 0 = -5*v + 5*r - r + 18, -v = b*r - 21. Let p(c) = -c**3 + 5*c**2 + 8*c - 3. List the prime factors of p(v).
3
Let v(m) = -m**2 - 3*m + 3. Let r be v(-6). Let z = -9 - r. List the prime factors of z.
2, 3
List the prime factors of (-21)/7 - (-1 - 91).
89
Let w(j) = -29*j**3 - 5*j**2 - 9*j - 9. What are the prime factors of w(-2)?
13, 17
Let p(z) = -z**3 - 3*z**2 + 4*z + 3. Let c(t) be the second derivative of t**5/20 - t**3/6 - 2*t**2 + 4*t. Let x be c(0). List the prime factors of p(x).
3
Let c(a) = -2*a + 5. Let k = -3 + 0. Let t be ((-4)/k)/((-1)/3). What are the prime factors of c(t)?
13
Let m(c) = -c**3 - 3*c**2 + c - 2. What are the prime factors of m(-5)?
43
Let a = 12 - 7. Suppose a*i = 2*i + 27. List the prime factors of i.
3
Let l(d) = 21*d**2 + d. Suppose -3*b = 3*y - y - 5, -2*b + 5*y = 22. List the prime factors of l(b).
2, 5
List the prime factors of (-260)/(-22) + (-4)/(-22).
2, 3
Let o(s) = -3*s + 2*s**2 + 1 + s + s. Let a(w) = w - 4. Let t be a(5). List the prime factors of o(t).
2
What are the prime factors of (-4)/(-5) + -1 - 6804/(-70)?
97
Let k be 2*3/(-6) + -5. Let g = k - -52. What are the prime factors of g?
2, 23
Let z(o) = o**2 - 3*o. Let s be z(3). Suppose -r + s*r = -6. List the prime factors of r.
2, 3
Suppose 3*x = 2*x - 2*h + 108, -2*x + 5*h + 243 = 0. List the prime factors of x.
2, 3, 19
What are the prime factors of (-13129)/(-76) - (18/8)/3?
2, 43
Suppose 0 = -0*d - 4*d + 8. Suppose 3*l - 48 = -d*g + 27, 5*g - 155 = -l. What are the prime factors of g?
2, 3, 5
Suppose -9 = -3*j + 3. List the prime factors of 2*1/j*62.
31
Suppose -4*f + f + 993 = -3*v, 650 = 2*f + 2*v. List the prime factors of f.
2, 41
Let k be 7/2 + (-1)/(-2). Suppose -2 + 1 = -k*d - s, 2*d + 3*s + 7 = 0. Let t = d + 2. What are the prime factors of t?
3
Suppose 0*y = y + 2. Let v = -12 - y. List the prime factors of (0 + -2)/